{"id":741,"date":"2024-04-01T17:02:07","date_gmt":"2024-04-01T17:02:07","guid":{"rendered":"https:\/\/academiasnash.com\/?page_id=741"},"modified":"2024-04-28T12:00:00","modified_gmt":"2024-04-28T12:00:00","slug":"sevilla-facultad-de-derecho","status":"publish","type":"page","link":"https:\/\/academiasnash.com\/?page_id=741","title":{"rendered":"Sevilla &#8211; Facultad de Derecho"},"content":{"rendered":"\n<div class=\"wp-block-group alignfull\"><div class=\"wp-block-group__inner-container is-layout-flow wp-block-group-is-layout-flow\">\n<p class=\"has-medium-font-size\"><strong>Haga clic en su curso para obtener m\u00e1s informaci\u00f3n sobre la programaci\u00f3n y las opciones disponibles.<\/strong><\/p>\n\n\n\n<p class=\"has-medium-font-size\"><strong>Todo los nuevos cursos empiezan el 29 abril 2024<\/strong><\/p>\n\n\n\n<ul class=\"wp-block-list\">\n<li class=\"has-medium-font-size\"><a href=\"https:\/\/academiasnash.com\/?page_id=877\" data-type=\"page\" data-id=\"219\">Criminologia<\/a><\/li>\n\n\n\n<li class=\"has-medium-font-size\"><a href=\"https:\/\/academiasnash.com\/?page_id=882\" data-type=\"page\" data-id=\"213\">Gestion y Administracion Publica<\/a><\/li>\n<\/ul>\n\n\n\n<p><\/p>\n<\/div><\/div>\n","protected":false},"excerpt":{"rendered":"<p>Haga clic en su curso para obtener m\u00e1s informaci\u00f3n sobre la programaci\u00f3n y las opciones disponibles. Todo los nuevos cursos empiezan el 29 abril 2024<\/p>\n","protected":false},"author":1,"featured_media":71,"parent":722,"menu_order":0,"comment_status":"closed","ping_status":"closed","template":"","meta":{"footnotes":""},"class_list":["post-741","page","type-page","status-publish","has-post-thumbnail"],"_links":{"self":[{"href":"https:\/\/academiasnash.com\/index.php?rest_route=\/wp\/v2\/pages\/741","targetHints":{"allow":["GET"]}}],"collection":[{"href":"https:\/\/academiasnash.com\/index.php?rest_route=\/wp\/v2\/pages"}],"about":[{"href":"https:\/\/academiasnash.com\/index.php?rest_route=\/wp\/v2\/types\/page"}],"author":[{"embeddable":true,"href":"https:\/\/academiasnash.com\/index.php?rest_route=\/wp\/v2\/users\/1"}],"replies":[{"embeddable":true,"href":"https:\/\/academiasnash.com\/index.php?rest_route=%2Fwp%2Fv2%2Fcomments&post=741"}],"version-history":[{"count":3,"href":"https:\/\/academiasnash.com\/index.php?rest_route=\/wp\/v2\/pages\/741\/revisions"}],"predecessor-version":[{"id":1069,"href":"https:\/\/academiasnash.com\/index.php?rest_route=\/wp\/v2\/pages\/741\/revisions\/1069"}],"up":[{"embeddable":true,"href":"https:\/\/academiasnash.com\/index.php?rest_route=\/wp\/v2\/pages\/722"}],"wp:featuredmedia":[{"embeddable":true,"href":"https:\/\/academiasnash.com\/index.php?rest_route=\/wp\/v2\/media\/71"}],"wp:attachment":[{"href":"https:\/\/academiasnash.com\/index.php?rest_route=%2Fwp%2Fv2%2Fmedia&parent=741"}],"curies":[{"name":"wp","href":"https:\/\/api.w.org\/{rel}","templated":true}]}}